{"id":97,"date":"2024-02-12T05:25:59","date_gmt":"2024-02-12T05:25:59","guid":{"rendered":"https:\/\/www.wibaso.ch\/wordpress\/?post_type=product&#038;p=97"},"modified":"2024-02-12T05:26:03","modified_gmt":"2024-02-12T05:26:03","slug":"teardrop-bar-spoon-standard-line-30cm","status":"publish","type":"product","link":"https:\/\/www.wibaso.ch\/wordpress\/product\/teardrop-bar-spoon-standard-line-30cm\/","title":{"rendered":"Teardrop Bar Spoon Standard-Line 30cm"},"content":{"rendered":"<p>[et_pb_section fb_built=&#8221;1&#8243; _builder_version=&#8221;3.22&#8243; custom_padding=&#8221;0px||||false|false&#8221; collapsed=&#8221;off&#8221;][et_pb_row _builder_version=&#8221;3.25&#8243; background_size=&#8221;initial&#8221; background_position=&#8221;top_left&#8221; background_repeat=&#8221;repeat&#8221; width=&#8221;100%&#8221; custom_padding=&#8221;0px||0px||false|false&#8221;][et_pb_column type=&#8221;4_4&#8243; _builder_version=&#8221;3.25&#8243; custom_padding=&#8221;|||&#8221; custom_padding__hover=&#8221;|||&#8221;][et_pb_wc_cart_notice _builder_version=&#8221;4.6.6&#8243; body_font=&#8221;Faustina|500|||||||&#8221; body_text_color=&#8221;#000000&#8243; background_color=&#8221;rgba(0,0,0,0)&#8221; custom_button=&#8221;on&#8221; button_text_color=&#8221;#000000&#8243; button_bg_color=&#8221;rgba(0,0,0,0)&#8221; button_border_width=&#8221;3px&#8221; button_border_color=&#8221;#000000&#8243; button_border_radius=&#8221;4px&#8221; button_font=&#8221;Faustina|600|||||||&#8221; button_icon_color=&#8221;#000000&#8243; background_layout=&#8221;light&#8221; border_radii=&#8221;on|4px|4px|4px|4px&#8221;][\/et_pb_wc_cart_notice][\/et_pb_column][\/et_pb_row][et_pb_row column_structure=&#8221;1_2,1_2&#8243; _builder_version=&#8221;3.25&#8243; background_size=&#8221;initial&#8221; background_position=&#8221;top_left&#8221; background_repeat=&#8221;repeat&#8221; width=&#8221;100%&#8221; custom_padding=&#8221;0px||||false|false&#8221;][et_pb_column type=&#8221;1_2&#8243; _builder_version=&#8221;3.25&#8243; custom_padding=&#8221;|||&#8221; custom_padding__hover=&#8221;|||&#8221;][et_pb_wc_images _builder_version=&#8221;4.6.6&#8243; border_radii=&#8221;on|4px|4px|4px|4px&#8221; border_width_all=&#8221;2px&#8221;][\/et_pb_wc_images][\/et_pb_column][et_pb_column type=&#8221;1_2&#8243; _builder_version=&#8221;3.25&#8243; custom_padding=&#8221;|||&#8221; custom_padding__hover=&#8221;|||&#8221;][et_pb_wc_title _builder_version=&#8221;4.6.6&#8243; header_font=&#8221;Playfair Display SC|700|||||||&#8221; header_text_color=&#8221;#000000&#8243;][\/et_pb_wc_title][et_pb_wc_price _builder_version=&#8221;4.6.6&#8243; body_text_color=&#8221;#000000&#8243;][\/et_pb_wc_price][et_pb_wc_rating _builder_version=&#8221;4.6.6&#8243; rating_text_color=&#8221;#000000&#8243; body_text_color=&#8221;#000000&#8243; custom_padding=&#8221;||0px|||&#8221;][\/et_pb_wc_rating][et_pb_wc_add_to_cart _builder_version=&#8221;4.7.4&#8243; fields_background_color=&#8221;rgba(0,0,0,0)&#8221; fields_text_color=&#8221;#000000&#8243; fields_custom_padding=&#8221;||||false|false&#8221; body_font=&#8221;Playfair Display SC|700|||||||&#8221; body_text_color=&#8221;#000000&#8243; background_color=&#8221;rgba(0,0,0,0)&#8221; custom_button=&#8221;on&#8221; button_text_color=&#8221;#000000&#8243; button_bg_color=&#8221;#ffffff&#8221; button_border_radius=&#8221;4px&#8221; button_use_icon=&#8221;off&#8221; button_icon_tablet=&#8221;&#8221; button_icon_phone=&#8221;&#8221; button_icon_last_edited=&#8221;on|phone&#8221; button_on_hover_tablet=&#8221;&#8221; button_on_hover_phone=&#8221;&#8221; button_on_hover_last_edited=&#8221;on|phone&#8221; border_color_all=&#8221;rgba(0,0,0,0)&#8221; border_width_all_fields=&#8221;2px&#8221; border_color_all_fields=&#8221;#000000&#8243;][\/et_pb_wc_add_to_cart][et_pb_wc_description description_type=&#8221;description&#8221; _builder_version=&#8221;4.6.6&#8243; body_font=&#8221;Faustina||on||||||&#8221; body_text_color=&#8221;#000000&#8243; body_font_size=&#8221;16px&#8221; body_letter_spacing=&#8221;1px&#8221; body_line_height=&#8221;1.8em&#8221;][\/et_pb_wc_description][et_pb_button button_url=&#8221;@ET-DC@eyJkeW5hbWljIjp0cnVlLCJjb250ZW50IjoicG9zdF9saW5rX3VybF9wYWdlIiwic2V0dGluZ3MiOnsicG9zdF9pZCI6IjEyIn19@&#8221; button_text=&#8221;Back to Categories&#8221; _builder_version=&#8221;4.7.3&#8243; _dynamic_attributes=&#8221;button_url&#8221; _module_preset=&#8221;default&#8221;][\/et_pb_button][\/et_pb_column][\/et_pb_row][et_pb_row _builder_version=&#8221;4.7.4&#8243; background_size=&#8221;initial&#8221; background_position=&#8221;top_left&#8221; background_repeat=&#8221;repeat&#8221; width=&#8221;100%&#8221; border_radii=&#8221;on|4px|4px|4px|4px&#8221;][et_pb_column type=&#8221;4_4&#8243; _builder_version=&#8221;4.7.4&#8243; custom_padding=&#8221;|||&#8221; custom_padding__hover=&#8221;|||&#8221;][et_pb_wc_tabs active_tab_background_color=&#8221;rgba(0,0,0,0)&#8221; inactive_tab_background_color=&#8221;rgba(0,0,0,0)&#8221; active_tab_text_color=&#8221;#000000&#8243; include_tabs=&#8221;|reviews&#8221; _builder_version=&#8221;4.7.4&#8243; tab_text_color=&#8221;#000000&#8243; body_font=&#8221;Faustina||||||||&#8221; body_text_color=&#8221;#000000&#8243; tab_font=&#8221;Faustina||||||||&#8221; background_color=&#8221;rgba(0,0,0,0)&#8221; background_last_edited=&#8221;on|desktop&#8221;]\t\t\t\t\t[\/et_pb_wc_tabs][et_pb_wc_upsells _builder_version=&#8221;3.0.47&#8243;][\/et_pb_wc_upsells][et_pb_wc_related_products _builder_version=&#8221;4.6.6&#8243; title_font=&#8221;Playfair Display SC||||||||&#8221; title_text_color=&#8221;#000000&#8243; text_orientation=&#8221;center&#8221; border_radii_image=&#8221;on|4px|4px|4px|4px&#8221;][\/et_pb_wc_related_products][\/et_pb_column][\/et_pb_row][\/et_pb_section]<\/p>\n","protected":false},"excerpt":{"rendered":"<p>Edelstahl Barl\u00f6ffel mit Teardrop am Stielende.<\/p>\n","protected":false},"featured_media":115,"comment_status":"open","ping_status":"closed","template":"","meta":{"_et_pb_use_builder":"on","_et_pb_old_content":"Edelstahl Barl\u00f6ffel mit Teardrop am Stielende.\r\n\r\nSp\u00fclmaschinenfest.\r\n\r\n30cm L\u00e4nge mit standard Drall f\u00fcr das effiziente R\u00fchren von Cocktails.","_et_gb_content_width":""},"product_cat":[27],"product_tag":[28,29,30,31],"class_list":{"0":"post-97","1":"product","2":"type-product","3":"status-publish","4":"has-post-thumbnail","6":"product_cat-bar-spoon","7":"product_tag-bar-spoon","8":"product_tag-spoon","9":"product_tag-stir","10":"product_tag-teardrop-spoon","12":"first","13":"instock","14":"purchasable","15":"product-type-simple"},"_links":{"self":[{"href":"https:\/\/www.wibaso.ch\/wordpress\/wp-json\/wp\/v2\/product\/97","targetHints":{"allow":["GET"]}}],"collection":[{"href":"https:\/\/www.wibaso.ch\/wordpress\/wp-json\/wp\/v2\/product"}],"about":[{"href":"https:\/\/www.wibaso.ch\/wordpress\/wp-json\/wp\/v2\/types\/product"}],"replies":[{"embeddable":true,"href":"https:\/\/www.wibaso.ch\/wordpress\/wp-json\/wp\/v2\/comments?post=97"}],"wp:featuredmedia":[{"embeddable":true,"href":"https:\/\/www.wibaso.ch\/wordpress\/wp-json\/wp\/v2\/media\/115"}],"wp:attachment":[{"href":"https:\/\/www.wibaso.ch\/wordpress\/wp-json\/wp\/v2\/media?parent=97"}],"wp:term":[{"taxonomy":"product_cat","embeddable":true,"href":"https:\/\/www.wibaso.ch\/wordpress\/wp-json\/wp\/v2\/product_cat?post=97"},{"taxonomy":"product_tag","embeddable":true,"href":"https:\/\/www.wibaso.ch\/wordpress\/wp-json\/wp\/v2\/product_tag?post=97"}],"curies":[{"name":"wp","href":"https:\/\/api.w.org\/{rel}","templated":true}]}}